p. What is the units digit of s?
9
Let d = 4394 + 6321. Suppose -t + g + d = -0*t, 3*t + g = 32165. What is the units digit of (0 + 3/(-2))*t/(-120)?
4
Let v(z) = 742*z**3 + 5*z**2 + 26 - 741*z**3 + 28*z - 38*z**2 + 13*z. What is the tens digit of v(33)?
7
Let n(h) = -27879*h - 1400. What is the units digit of n(-2)?
8
What is the ten thousands digit of (-110)/(-77)*-7 + 11500?
1
Let y be (-6083)/(-22) + (-2)/(-4). Let d = y + -147. What is the tens digit of 42/(-28) + d/4?
3
Let b(o) = -51*o**3 + o**2 + 2*o. Suppose 11*k - 10 = 45. Suppose -4*u - 9 + k = 0. What is the tens digit of b(u)?
5
Let o = 227 + -239. Let a be -144 + -1 - (-9 + 8). Let q = o - a. What is the hundreds digit of q?
1
Suppose 12*l = -2*l + 26558. What is the hundreds digit of l?
8
Let c(o) = -3*o**3 + 12*o**2 - 16*o - 1. Let i = 45 - 38. Let q be c(i). What is the hundreds digit of (q - 2)/(-3 - (-3)/3)?
2
Let v = 89 + -79. Let z be ((-14)/28)/((-1)/v). What is the tens digit of (1 + -2*1)/(z/(-115))?
2
Let t(v) = 1839*v**2 + 13*v - 9. What is the thousands digit of t(-2)?
7
Let c be 3 - (-1 - 0/(-2)). Let w(d) = -6*d**2 + d**3 - 78263603*d + 1 + 2*d**3 + 78263608*d. What is the units digit of w(c)?
7
Let z = -43023 + 66631. What is the thousands digit of z?
3
Suppose -70*c + 29889 = -43*c. Let n = c + -595. What is the units digit of n?
2
Let d(s) = 37*s**2 + 89*s - 954. What is the thousands digit of d(12)?
5
Let z = -66 - -98. Suppose -z*i + 11*i = -18144. What is the tens digit of i?
6
What is the thousands digit of 5*(-2 + 5)*41/(492/49160)?
1
Suppose 55*u - 238702 = -16*u. What is the tens digit of u?
6
Let a be (12/(-30))/(3/(-30)) - 1. Suppose a*j = 222 + 2163. What is the units digit of j?
5
Suppose v - 5*h - 11652 = 0, 15*h = 5*v + 9*h - 58165. What is the units digit of v?
7
Let i(h) be the first derivative of -3*h**2/2 + 9*h + 20. What is the tens digit of i(-14)?
5
Suppose 0 = -3*m - 41*j + 34*j + 74459, 2*m + 5*j - 49638 = 0. What is the thousands digit of m?
4
Let h(n) = 31*n - 13. Let u be h(5). Suppose 134*i - u*i = -3144. What is the units digit of i?
3
Suppose -73*a - 6963 = -2*n - 70*a, 4*n + 5*a = 13937. Let x = -2115 + n. What is the hundreds digit of x?
3
Let l = 227 + -119. Let w be 370/70 + (-6)/21. Suppose l = -4*x - w*z + 313, 4*z + 287 = 5*x. What is the tens digit of x?
5
Let p(j) = 1578*j**2 - j + 43. What is the hundreds digit of p(3)?
2
Suppose -305*z = -308*z + 708. Let q = z - 18. Suppose 0 = -m - m + q. What is the hundreds digit of m?
1
Let l(g) = -413*g - 1. Let j be l(1). Let u = 645 + j. Suppose -5*z = -4*t + 275, 5*z - u = -3*t - 16. What is the units digit of t?
0
Suppose 91*i = 87*i + 72. What is the units digit of (2049/2 - 3)*12/i?
1
Suppose -44*p = -700303 + 79507. What is the hundreds digit of p?
1
Let h(i) = 2792*i**2 + 235*i - 953. What is the thousands digit of h(4)?
4
Suppose -173*b + 159*b + 67788 = 0. What is the tens digit of b?
4
Suppose 0 = 2*r - w - 111, 0 = -5*w + 10 + 15. Suppose -30702 = 15*h - r*h. What is the units digit of h?
4
Let b(x) = 359*x**3 + 4*x**2 - x + 5*x**2 - 358*x**3 - 12. Let c be b(-9). What is the units digit of c/(-27)*6 - 614/(-6)?
3
Let q be 1287 - (-4 - 1 - -4). Suppose 2*m - m - 339 = -3*x, -4*m + q = -5*x. What is the tens digit of m?
2
Suppose -3*n - 10739 = -2*u, -3*n + 4855 = u - 537. What is the hundreds digit of u?
3
Suppose -5*p - 1488 = -y, -2*y = 2*y + 5*p - 5827. Suppose -5*k - y = -6493. What is the tens digit of k?
0
Suppose -9*i + 7*i + 6 = 0. Suppose 1 = 3*u + 3*r + 4, u = i*r - 5. What is the tens digit of -1 - (0 - u) - 267/(-3)?
8
Let q = 629 + -566. What is the tens digit of 1 + (-49)/q - (-11714)/18?
5
Let z(h) = 4*h**2 + 10*h + 3. Let v be z(-16). Suppose 2*u + 5*l = v, 3*u - 17*l - 1290 = -14*l. What is the tens digit of u?
3
Let a(j) = 2*j**2 - 24*j - 5. Let p be a(12). What is the units digit of (p/30*4)/((-4)/6978)?
3
What is the ten thousands digit of (-2)/((-84)/(-349594))*(2 - 5)/1?
2
Let s(c) = -22*c - 138. Let r(t) = 8*t + 46. Let y(u) = 10*r(u) + 3*s(u). What is the units digit of y(0)?
6
Suppose -96*l + 100*l = -4944. Let c = l - -1986. What is the units digit of c?
0
Let h = 1274 - 1365. Suppose -2*f - 10 = 0, -f - 78 = 5*x - 8. Let n = x - h. What is the units digit of n?
8
Suppose 4*j + 5*j = 20*j - 15026. What is the tens digit of j?
6
Let b be 476 - (26/39)/((-4)/18). Suppose 2*n + v + 763 = -n, -5*v = -10. Let w = b + n. What is the units digit of w?
4
Let c = 2674 - 1237. Let q = -577 + c. What is the tens digit of q?
6
What is the tens digit of (449 - 2)/((-105)/9 + 12)?
4
Let u = 168 + -246. Let d = -81 - u. What is the hundreds digit of (-5)/(90/(-4818)) + 2/d?
2
Let r(o) = -2*o**3 - 30*o**2 - 10*o - 5. Let k be (-2 - 4 - -3) + -12. What is the tens digit of r(k)?
4
Let b(y) be the second derivative of -y**5/20 + 4*y**4/3 - 3*y**3 - 3*y**2/2 - 40*y - 1. What is the hundreds digit of b(14)?
1
Let a(o) = -2*o - 7. Let d be a(-12). Suppose -5*r + 7 = 4*z - d, z - 4*r = 6. Suppose 0 = -4*f - 8, 23 - z = m - 4*f. What is the units digit of m?
9
Let a(i) = i**3 + 18*i**2 + 2*i - 1. Let n be a(-18). Let d = -76 - n. Let g = d + 49. What is the units digit of g?
0
Let r be (-5)/(-10)*16428/6. Suppose -2*j + 2*d = -d - r, 0 = -3*j + 4*d + 2054. What is the hundreds digit of j?
6
Let b(y) = 17011*y - 10824. What is the tens digit of b(4)?
2
Let z(g) = 169*g**2 + 48*g - 147. What is the ten thousands digit of z(16)?
4
Suppose 1982*u - 1976*u - 35090 - 106672 = 0. What is the units digit of u?
7
Suppose -4*v + 115455 = -n, 3*n + 76035 = 4*v - 39410. What is the hundreds digit of v?
8
Let y = 23282 + 1523. What is the thousands digit of y?
4
Let i be -8 - (50 - 52)*1*-46. Suppose 5*u - 1050 = -5*j, -590 = -u - 2*u + 5*j. Let p = u + i. What is the units digit of p?
5
Let m(x) = x**3 - 109*x**2 - 33*x + 434. What is the thousands digit of m(113)?
7
Suppose -15*t + 51638 = -45575 - 35327. What is the tens digit of t?
3
Let u = 111 - -914. Suppose -5*o - 3*w = -u, 2*o = -5*w + 6*w + 421. What is the units digit of o?
8
Let k = -409 + 412. Suppose 3*i - 15*w = -13*w + 2630, k*i + 2*w - 2626 = 0. What is the units digit of i?
6
Suppose 0 = -20*d + 36*d - 817920. Suppose 12*y + 28*y - d = 0. What is the units digit of y?
8
Suppose -43*i - 18 = -40*i. Let w(v) = -11*v + 8. Let p be w(i). Suppose 2*s - p + 22 = 0. What is the tens digit of s?
2
Suppose -17*c = 42 - 399. What is the tens digit of (140/c + -6)/(2/2634)?
7
Suppose -313*t + 285*t + 224413 + 65919 = 0. What is the thousands digit of t?
0
Suppose 12*y - 3931 - 1301 = 0. Suppose 0*s + 4*s = 4*b - 896, -y = 2*s + 2*b. Let u = -111 - s. What is the hundreds digit of u?
1
Suppose -7*v = -0*v - 217. Let m(c) = -87 - v*c + 17*c + 23*c. What is the tens digit of m(31)?
9
Suppose 5*w - 33 + 2 = -2*x, -5*w - 25 = -5*x. Suppose 0 = 3*h + x*h - 550. What is the tens digit of h?
5
Let s(m) = 2*m**3 + 9*m**2 - 5*m + 2. Let u be s(-5). Suppose -3*h - 4*a + 35 + 126 = 0, -185 = -3*h + u*a. What is the units digit of h?
9
Suppose 5*n + 3*o + 880 = 0, 5*n + o + 885 = -3*o. Let y = n - -219. What is the units digit of y?
6
Let d be 21/(-84) + 1*(-1587)/4. Let a = d - -981. What is the tens digit of a?
8
Let k be (26/(-3))/(-1)*9. Let l(g) = 2*g**3 - 40*g**2 + 40*g - 1. Let f be l(19). Let p = f + k. What is the units digit of p?
5
Let i be 2/(16/4564)*6. Suppose -4*k + 81 + i = 0. Suppose 103*y = 99*y + k. What is the tens digit of y?
1
Let p(w) be the second derivative of w**5/10 - 2*w**3/3 + 129*w**2 + 61*w + 3. What is the hundreds digit of p(0)?
2
Suppose 2*l + c + 3 = 3*l, -30 = 5*l + 4*c. Let u be -2*(-46 + (-4)/l). Suppose 3*x + 350 = 4*b, -3*b + u = 4*x - 162. What is the units digit of b?
6
Let p(k) be the third derivative of -k**4/8 - 19*k**3/6 - 12*k**2. Let z be p(-6). What is the units digit of z - (-48 - (-2 - -1)*1)?
6
Suppose 3*z - 9448 = -5*a, -3*z - 6644 = -4*a + 909. What is the thousands digit of a?
1
Let p = 250 - 159. Suppose 1141*t = 1142*t - 2*m - 8, 2*m = 5*t - 24. Suppose -4*r = -g + p, t*g + g - 485 = 5*r. What is the tens digit of g?
9
Let h(w) = 6*w**2 + 6*w + 9. Let a be h(8). Suppose -2*f - 437 = -429, -4*l = f - 4. Suppose l*j = a + 21. What is the units digit of j?
1
What is the thousands 